034 - 213?
310321
In base 14, what is -4c - -472?
424
In base 5, what is 4 - 1312202?
-1312143
In base 8, what is 1450 - 320?
1130
In base 13, what is -3 - 12260?
-12263
In base 4, what is 13102110 + -2020?
13100030
In base 9, what is -51115 - -3?
-51112
In base 11, what is 25832 - -3?
25835
In base 2, what is -100 + 10010010011000?
10010010010100
In base 6, what is 0 + 111455?
111455
In base 11, what is 1 + -45514?
-45513
In base 14, what is -63 - -1641?
15bc
In base 14, what is -1d4d + 0?
-1d4d
In base 3, what is -2 + 110120012?
110120010
In base 5, what is 12232402 + -3?
12232344
In base 9, what is 58215 + -3?
58212
In base 2, what is -100 + 1001001010000101110?
1001001010000101010
In base 5, what is -302323432 - -3?
-302323424
In base 13, what is 7 + -24414?
-2440a
In base 11, what is 29a - -38?
327
In base 16, what is -5 + -4ff27?
-4ff2c
In base 12, what is 1a43a0 - -4?
1a43a4
In base 10, what is 1698 + -1?
1697
In base 7, what is -5 + 631520?
631512
In base 13, what is -3 - 1490?
-1493
In base 7, what is 50035 + 2?
50040
In base 3, what is -2012020020202 - 10?
-2012020020212
In base 2, what is 10010100101100001100 - 10?
10010100101100001010
In base 2, what is 0 + 1000001000010011111?
1000001000010011111
In base 15, what is 1 + -54d82?
-54d81
In base 16, what is 61e - 65?
5b9
In base 15, what is 15b3b - 4?
15b37
In base 3, what is 122 - 1120100?
-1112201
In base 11, what is -a873 + 59?
-a815
In base 13, what is ac752 - -7?
ac759
In base 7, what is -114510 - 4?
-114514
In base 11, what is -83 + -4069?
-4141
In base 14, what is 2 + 7a001?
7a003
In base 10, what is 3157 + 87?
3244
In base 15, what is -6c3 - -6?
-6bc
In base 11, what is -69 - 257?
-315
In base 13, what is -352c - 28?
-3557
In base 13, what is 1 + -8a9c5?
-8a9c4
In base 13, what is 3 - -1cc0a?
1cc10
In base 2, what is -1110100111001101 - 101?
-1110100111010010
In base 12, what is b + 83aa?
83b9
In base 3, what is -11 + 222101212?
222101201
In base 16, what is e24 - -41?
e65
In base 8, what is 0 + 643741?
643741
In base 4, what is 0 + 2112012?
2112012
In base 6, what is 101 - 4225?
-4124
In base 7, what is 4 - 213436?
-213432
In base 4, what is 1302 + 2120?
10022
In base 4, what is 2322221011 - 11?
2322221000
In base 11, what is -6211 - 16?
-6227
In base 14, what is -1 - b19a?
-b19b
In base 8, what is -2362723 + -2?
-2362725
In base 16, what is -1e - -59?
3b
In base 11, what is 10018 + 6?
10023
In base 16, what is 5 - 54d36?
-54d31
In base 7, what is 113 - 1635?
-1522
In base 7, what is -51203 + 3?
-51200
In base 8, what is 336 + 106?
444
In base 10, what is 236 + 176?
412
In base 15, what is 3d - -e9?
137
In base 10, what is -39 + 189?
150
In base 14, what is -41b27d + 1?
-41b27c
In base 15, what is -15c + -763?
-8c0
In base 12, what is -8860 + b7?
-8765
In base 8, what is -2125270 - 1?
-2125271
In base 14, what is -173a6 + 3?
-173a3
In base 11, what is 11 + -1279?
-1268
In base 11, what is 6aa6 + 2?
6aa8
In base 14, what is d204 + 4?
d208
In base 11, what is 2 + -893827?
-893825
In base 3, what is -22120 + 1020210?
221020
In base 9, what is 2 - -68316?
68318
In base 5, what is -11214 - 4440?
-21204
In base 14, what is -4 + 27c5?
27c1
In base 7, what is 113 - 1124?
-1011
In base 2, what is -10011111101100000 + -10?
-10011111101100010
In base 9, what is 16666 + -2?
16664
In base 11, what is -121813 + 6?
-121808
In base 6, what is 103440 - -131?
104011
In base 5, what is -4 - 11033?
-11042
In base 9, what is -6860 - -66?
-6783
In base 9, what is -202448 + -2?
-202451
In base 3, what is -1111111 + -10022?
-1121210
In base 10, what is -6 + -42522?
-42528
In base 14, what is 0 - 64?
-64
In base 10, what is 107 + -1058?
-951
In base 8, what is 4161 - -47?
4230
In base 6, what is 4314 + 505?
5223
In base 8, what is -23551061 + -5?
-23551066
In base 13, what is 2b6 + -926?
-640
In base 6, what is -11 - -414414?
414403
In base 8, what is 1 + 312723?
312724
In base 4, what is 2201 - 210202?
-202001
In base 10, what is 1781 - 2?
1779
In base 12, what is -60b + 262?
-369
In base 3, what is -1 - -1200200202?
1200200201
In base 2, what is -10010 + 11110100100010000?
11110100011111110
In base 8, what is 17663 + -17?
17644
In base 10, what is -13 - 42301?
-42314
In base 7, what is 31 + 11044?
11105
In base 10, what is 9 + -3092?
-3083
In base 10, what is 4 + -2984?
-2980
In base 12, what is -8 - 74a?
-756
In base 8, what is 43705 + -1?
43704
In base 10, what is -10 - -643?
633
In base 11, what is -a6326 + 4?
-a6322
In base 11, what is 875731 - -3?
875734
In base 11, what is -13 - -1a0?
188
In base 4, what is 2322310 + -2?
2322302
In base 13, what is 0 - 17872?
-17872
In base 9, what is 2805 - 12?
2783
In base 6, what is 10 - -121123?
121133
In base 14, what is 27 - -b69?
b92
In base 5, what is -2402 + -21?
-2423
In base 11, what is -5 - -785a2?
78598
In base 3, what is 101010 - -20222?
122002
In base 3, what is -11 - 2210221000?
-2210221011
In base 8, what is 11634 - -3?
11637
In base 3, what is 20 - -10002222220?
10010000010
In base 15, what is b - a375?
-a369
In base 14, what is 1b + 72b?
748
In base 2, what is -11101001100 - 11111111?
-100001001011
In base 11, what is 15a + -2780?
-2621
In base 6, what is -10 + 1415010?
1415000
In base 12, what is -1 + -6100?
-6101
In base 11, what is -1 + -15310?
-15311
In base 2, what is -10101 - -1111000010010?
1110111111101
In base 13, what is -157 - -2971?
2817
In base 6, what is -52 - 101?
-153
In base 10, what is 138 - 1642?
-1504
In base 13, what is -8b - -5c?
-2c
In base 6, what is -23531 + 34?
-23453
In base 2, what is -100011 + -11101000001011?
-11101000101110
In base 10, what is -250764 + -11?
-250775
In base 13, what is -15 + 791?
779
In base 9, what is -6 - -71183?
71176
In base 13, what is -18 + 3225?
320a
In base 6, what is 3053 + 2542?
10035
In base 6, what is -5 - -4100120?
4100111
In base 16, what is -30 + 1444?
1414
In base 16, what is 259af5 - 5?
259af0
In base 4, what is -101 + 303113?
303012
In base 10, what is 1006 - 39?
967
In base 16, what is 11 + 290d?
291e
In base 7, what is -3204 + 355?
-2516
In base 11, what is -4 + 1587?
1583
In base 3, what is -22112 + 2212020?
2112201
In base 4, what is -2 + -12123022?
-12123030
In base 4, what is -110312 + 1321?
-102331
In base 15, what is 842 - -77?
8b9
In base 3, what is 2022 + -1010212?
-1001120
In base 5, what is 301333 - 210?
301123
In base 12, what is -a51 - -23?
-a2a
In base 15, what is 2 - -4c923?
4c925
In base 7, what is 52 + 20456?
20541
In base 8, what is -1027112 - 4?
-1027116
In base 6, what is 11134532 - 10?
11134522
In base 5, what is -133421 - 4132?
-143103
In base 8, what is -211 + -3434?
-3645
In base 7, what is -32644 - 4?
-32651
In base 11, what is -2 - -419446?
419444
In base 13, what is -414967 + -1?
-414968
In base 8, what is -5150 - 11?
-5161
In base 11, what is 94 + -19a7?
-1913
In base 5, what is 11113404 + 0?
11113404
In base 12, what is 2 + 400438?
40043a
In base 8, what is 4 - -22213?
22217
In base 15, what is 1d3943 + -1?
1d3942
In base 2, what is 101 + 1110101101?
1110110010
In base 4, what is 10122 - -2020?
12202
In base 6, what is 24031 - -112?
24143
In base 3, what is -20210122 + 2111?
-20201011
In base 3, what is 12 - -210221012111?
210221012200
In base 7, what is -2032 + 16?
-2013
In base 9, what is 36750 + 27?
36777
In base 4, what is 123232322 - -301?
123233223
In base 6, what is 3 + -23?
-20
In base 15, what is -469e4 + 8?
-469db
In base 15, what is -8d74 + b?
-8d68
In base 12, what is 8 + -10481?
-10475
In base 4, what is 13010211 + 2031?
13012302
In base 11, what is -5748 - -7?
-5741
In base 16, what is -19da2 + 8?
-19d9a
In base 10, what is 3 + 22706?
22709
In base 13, what is 3 - -47bab?
47bb1
In base 12, what is -1 + 105b8a?
105b89
In base 14, what is -1b100 + 2?
-1b0dc
In base 12, what is 1072 + -6?
1068
In base 12, what is -826758 + -5?
-826761
In base 9, what is 2378 + -608?
1670
In base 12, what is 10 + -3462?
-3452
In base 3, what is 120111 + -20112?
22222
In base 7, what is -5 - 662321?
-662326
In base 8, what is 41 + 151563?
151624
In base 9, what is 1831 - 5?
1825
In base 11, what is 1120700 - 1?
11206aa
In base 2, what is -111 - 1001000011101?
-1001000100100
In base 8, what is 2715651 - 1?
2715650
In base 11, what is 6 - 3394?
-3389